{"id":9,"date":"2010-05-18T12:38:52","date_gmt":"2010-05-18T12:38:52","guid":{"rendered":"http:\/\/bildbudskap.local\/?page_id=9"},"modified":"2016-05-10T06:56:53","modified_gmt":"2016-05-10T06:56:53","slug":"aktuellt","status":"publish","type":"page","link":"https:\/\/bildbudskap.se\/?page_id=9","title":{"rendered":"Aktuellt"},"content":{"rendered":"<p><strong>F\u00f6reviga sommarens h\u00f6gtidsdagar!\u00a0<\/strong><\/p>\n<p>Boka in ett fotograferingspaket av sommarens h\u00f6gtidsdagar (konfirmation, bal, student, dop, br\u00f6llop) under maj m\u00e5nad och f\u00e5 10 tackkort p\u00e5 k\u00f6pet. (v\u00e4rde\u00a0 350:-)<\/p>\n<p>Du kan v\u00e4lja fotograferingspaket med album eller v\u00e4ggf\u00f6rstoringar\/collage.<\/p>\n<p>Bokar du b\u00e5de bal- och studentfotografering f\u00e5r du 2 fotograferingar till priset av 1, (v\u00e4rde 500:-).<\/p>\n<p>OBS! Antalet platser \u00e4r begr\u00e4nsade.<\/p>\n<p style=\"text-align: left;\">Kan ej kombineras med andra kampanjer.<\/p>\n<p style=\"text-align: left;\">PS.Vill du h\u00e5lla dig uppdaterad med speciella erbjudanden i framtiden skicka ett mail till mig p\u00e5 <a href=\"mailto:info@bildbudskap.se\">info@bildbudskap.se<\/a> DS<\/p>\n","protected":false},"excerpt":{"rendered":"<p>F\u00f6reviga sommarens h\u00f6gtidsdagar!\u00a0 Boka in ett fotograferingspaket av sommarens h\u00f6gtidsdagar (konfirmation, bal, student, dop, br\u00f6llop) under maj m\u00e5nad och f\u00e5 10 tackkort p\u00e5 k\u00f6pet. (v\u00e4rde\u00a0 350:-) Du kan v\u00e4lja fotograferingspaket med album eller v\u00e4ggf\u00f6rstoringar\/collage. Bokar du b\u00e5de bal- och studentfotografering f\u00e5r du 2 fotograferingar till priset av 1, (v\u00e4rde 500:-). OBS! Antalet platser \u00e4r begr\u00e4nsade. [&hellip;]<\/p>\n","protected":false},"author":1,"featured_media":0,"parent":0,"menu_order":2,"comment_status":"open","ping_status":"open","template":"","meta":[],"_links":{"self":[{"href":"https:\/\/bildbudskap.se\/index.php?rest_route=\/wp\/v2\/pages\/9"}],"collection":[{"href":"https:\/\/bildbudskap.se\/index.php?rest_route=\/wp\/v2\/pages"}],"about":[{"href":"https:\/\/bildbudskap.se\/index.php?rest_route=\/wp\/v2\/types\/page"}],"author":[{"embeddable":true,"href":"https:\/\/bildbudskap.se\/index.php?rest_route=\/wp\/v2\/users\/1"}],"replies":[{"embeddable":true,"href":"https:\/\/bildbudskap.se\/index.php?rest_route=%2Fwp%2Fv2%2Fcomments&post=9"}],"version-history":[{"count":19,"href":"https:\/\/bildbudskap.se\/index.php?rest_route=\/wp\/v2\/pages\/9\/revisions"}],"predecessor-version":[{"id":481,"href":"https:\/\/bildbudskap.se\/index.php?rest_route=\/wp\/v2\/pages\/9\/revisions\/481"}],"wp:attachment":[{"href":"https:\/\/bildbudskap.se\/index.php?rest_route=%2Fwp%2Fv2%2Fmedia&parent=9"}],"curies":[{"name":"wp","href":"https:\/\/api.w.org\/{rel}","templated":true}]}}